at is the units digit of b?
7
Suppose -5*g + 4*a + 269 = 0, 2*g + 5*a - 101 = -0*a. Let s = g - 22. What is the tens digit of s?
3
Suppose 3*q - q = b - 40, 4*b - 76 = 4*q. Let y(x) = x**3 - 2*x**2 - 4*x - 7. Let n be y(5). Let w = q + n. What is the tens digit of w?
2
Suppose -44*x + 0*x + 75812 = 0. What is the units digit of x?
3
Let x = 39 + -27. Suppose -7*w + 108 = 2*w. Let v = w + x. What is the tens digit of v?
2
Suppose -2*k = -26*k + 1296. What is the tens digit of k?
5
Let l = -1376 + 2676. What is the thousands digit of l?
1
Let s = -1172 + 684. What is the tens digit of 3/(4/(s/(-3)))?
2
Let w be (-1)/(2 + (-1892)/944). Suppose 4*h - w = 4*d, -3*h + 243 = -d + 72. What is the tens digit of h?
5
Let j(z) = z**3 - 12*z**2 + 14*z + 200. What is the thousands digit of j(15)?
1
Let t = -1077 + 1566. What is the hundreds digit of t?
4
Suppose 2*w = -4 - 42. Let z = w + 10. Let t = 18 + z. What is the units digit of t?
5
Let w = 39 + -35. Suppose 6 = w*v - v. Suppose 3 = -v*m + 15. What is the units digit of m?
6
Let i(l) = -l**2 - 3*l + 10. Let s be i(-5). Suppose -5*x + 3*t + 31 = s, -2*x - 15 = -7*x - 5*t. Suppose -x*c - 3 = -128. What is the units digit of c?
5
Let o be (-4)/(-6) - (-19)/3. Suppose -11*x + 24 = -o*x. What is the tens digit of x/21 + 1565/35?
4
Let u(f) = 3*f**2 - 29*f - 59. What is the tens digit of u(20)?
6
Let d(m) = 22*m + 3. Let s(z) = -33*z - 4. Let r(i) = -8*d(i) - 5*s(i). What is the tens digit of r(-4)?
4
Suppose -3*x + 15 = -4*k, -4*k - 3 = 9. Let f(t) = 2*t**2 - 8*t - 1 + 13*t**2 + 7*t**2 + 12*t**2 + 10*t. What is the tens digit of f(x)?
3
What is the tens digit of (1/(-3))/((-3410)/852 - -4)?
4
Let f = 44 - 213. Let i = -60 - f. What is the tens digit of i?
0
Suppose 14*z - 21 = 13*z. Suppose 885 = 4*u - 3*a, 2*u + 4*a + z = 491. What is the units digit of u?
5
Let g(o) = 5*o - 1. Let p(y) = -2 + 5 - 2. Let x(z) = -g(z) + 6*p(z). What is the tens digit of x(-6)?
3
Let o = 2 + 0. Suppose 6*p - 39 = 51. Suppose -o*t = -t - p. What is the tens digit of t?
1
Let i = -1256 + 3335. What is the thousands digit of i?
2
Let v(a) be the third derivative of a**5/20 - a**3/3 - 58*a**2. Suppose 0 = -5*c + 14 - 4. What is the units digit of v(c)?
0
Suppose 0 = -14*q + 4311 - 923. What is the hundreds digit of q?
2
What is the tens digit of 2220*(-18)/297*-11?
8
Let j(p) = p**3 - 5*p**2 - 4*p - 3. Let k = 10 + -6. Let f = 2 + k. What is the units digit of j(f)?
9
Let b = -250 + 244. Let z = -10 - -15. What is the units digit of b/(-2) - (z + -3)?
1
Suppose 0 = h - 5*v + 465, 0 = h + 2*h - 5*v + 1345. Let j = h + 726. What is the tens digit of j?
8
Let y(j) = -j + 5. Let m be y(0). Suppose -15 = -0*r + r + 4*w, r - w - m = 0. What is the tens digit of r/((-48)/(-44) - 1)?
1
Suppose -2*a + 10 + 0 = 0. Suppose -a*u + 88 = 13. Let c = 17 - u. What is the units digit of c?
2
Suppose -3*q - 7 = -4*i, -18 = 5*i + 4*q + 12. Let x be (5 + -4)/(i/(-26)). Suppose -10*d - 84 = -x*d. What is the units digit of d?
8
Suppose 5*b + 27 = 4*o, -5*b - 22 = -7. Suppose 2*x - 341 - 55 = -o*c, -589 = -3*x - 2*c. What is the units digit of x?
5
Let d be (-2 - -3)/(4/(-128)). Suppose 98 = -0*t + 2*t. Let a = t + d. What is the tens digit of a?
1
Let t = 555 + -305. Suppose -2*v + t = 3*g + 3*v, 5*g = 3*v + 360. What is the tens digit of g?
7
Let y = 10 + -10. Let l(g) = -g - 3 + 6 - 2 + 2*g**2 - 3*g**2. What is the units digit of l(y)?
1
Let p(g) be the third derivative of g**6/120 + g**5/60 - g**4/3 + g**3/3 - 22*g**2. What is the hundreds digit of p(5)?
1
Suppose 0 = -3*f + 2*o + 3, 4 = 2*f - 4*o + 10. Suppose 2*m - 55 = f*c + 117, -3*m = 4*c - 224. What is the tens digit of m?
8
Suppose -98 = -2*z + 4*b, -9*b = 4*z - 7*b - 166. What is the units digit of z?
3
Let g = 1166 - 806. What is the units digit of g?
0
Let h(a) = -22*a + 64. What is the units digit of h(-18)?
0
Let n = -17 + 21. Suppose -n*s + 183 = -85. What is the units digit of s?
7
Let s be (-2 - -338)*(-4 - (-19)/4). Let v = s + -86. What is the units digit of v?
6
Let g be 15 - (24/2)/3. Suppose -5*q - 4*s = -33, 4*q - g = 5*s - 1. What is the units digit of q?
5
What is the thousands digit of 10/(-45) + (-425906)/(-117)?
3
Suppose 24670 = 62*a - 10298. What is the tens digit of a?
6
Suppose 5*f = -25, 0 = i + 6*f - 2*f + 6. Let x = i - 9. Suppose 14 = o - 4*a - x, -5*a = -2*o + 26. What is the units digit of o?
3
What is the units digit of (-3)/2*16176/(-36)?
4
What is the tens digit of (-22)/(-26) - 1 - 14124/(-39)?
6
Let f(n) = -n + 8. Let q(r) = r - 9. Let o(p) = 5*f(p) + 4*q(p). Let z be o(2). Suppose -3*w + z*k + 110 = 3*k, -3*w + 116 = -5*k. What is the tens digit of w?
3
Let n(f) = 1. Let b(v) = -3*v**2 + 10*v - 8. Let k(u) = -b(u) - 5*n(u). What is the hundreds digit of k(-5)?
1
What is the thousands digit of 211375/175 - 2/(-14)?
1
Let n = -47 - -41. What is the tens digit of n + 59 - 4*(-3 + 2)?
5
Let m(j) = -2*j**2 + 66*j - 32. What is the units digit of m(27)?
2
Let n(m) = -m**3 + 3*m**2 + 9*m + 1. Let s be n(-7). Let f = -254 + s. What is the tens digit of f?
7
What is the tens digit of (-3670)/(-2) - (14 - 23)?
4
Let w(o) = 3*o**2 - o + 1. Let l be w(1). Suppose l*d - 41 = 2*d. Suppose 4*r - 5*r + d = 0. What is the units digit of r?
1
Let d(x) = 4*x - 12. Let f be d(0). Let p = 35 + f. What is the units digit of p?
3
Let c(l) = 12*l + 10. What is the tens digit of c(20)?
5
Let h(l) be the second derivative of l**5/20 - 2*l**4/3 - l**3/6 - 4*l**2 - 4*l. Let k be 0 - -5 - 1*-4. What is the tens digit of h(k)?
6
Let y be (-1 - -58)/(3/(-9)). Let s = y + 415. What is the units digit of s?
4
Let u(j) = -2 - 6*j - 11 - 7. What is the tens digit of u(-7)?
2
Suppose -4*n = 2*i - 4, 2*n - 4*n + 8 = -2*i. Suppose 2*k = 3*l + 1 + n, 4*k + 5*l - 39 = 0. Let p(x) = 2*x**2 - 7*x + 11. What is the tens digit of p(k)?
4
Suppose 14*t = 2197 - 923. Let m(a) = a**3 - 8*a**2 + a + 4. Let w be m(6). Let l = w + t. What is the tens digit of l?
2
Let f = 9 - 21. Let d(m) = -m**3 - 12*m**2 - 11*m + 21. What is the tens digit of d(f)?
5
Let y(u) = -u**2 - u. Let d be y(-1). Suppose -5*o + 94 + 196 = d. What is the units digit of o?
8
What is the units digit of (-1 + 5)/(13/(4901/26))?
8
Let h(j) be the second derivative of -j**3/6 + 15*j**2/2 - 2*j. Let l be h(0). Suppose -4*m = -111 + l. What is the units digit of m?
4
Let h be (11/(-33))/((-2)/6). What is the tens digit of 2/(-7) + ((-1108)/(-7) - h)?
5
Suppose 0 = -3*w + 3*m + 306, w - 314 = -2*w + m. Suppose 5*p - 5*n - 313 = -28, 4*n + w = 2*p. What is the tens digit of p?
6
Let g(n) = -n**2 + 41 - 45 + 5*n + n. Let z be g(5). Let c = 13 - z. What is the tens digit of c?
1
Suppose 499 = i + l, -4*l + 1004 = 6*i - 4*i. What is the tens digit of i?
9
Suppose -44*c - 1 = -43*c. What is the units digit of 2 + c + (-35)/(-7)?
6
Let o = 6818 + -1638. What is the units digit of o?
0
Suppose 21 - 5 = i. Let f = i - 36. What is the units digit of f/(-25)*255/6?
4
Let z = -20 + 28. Let x be (-33)/7 - z/28. Let d(i) = -2*i + 7. What is the units digit of d(x)?
7
Let o be (-18 - -6)*(-1)/1. Let c be 9*8*2/o. What is the tens digit of c*(12/(-3))/(-2)?
2
Let b = 4867 - 2549. What is the hundreds digit of b?
3
Let c(y) = -116*y + 45. What is the units digit of c(-5)?
5
Let u = -72 + 194. Let l = 62 - u. What is the units digit of (l/36)/((-2)/66)?
5
Suppose 0 = -265*m + 270*m - 300. What is the tens digit of m?
6
Suppose -17508 = 21*r - 33*r. What is the thousands digit of r?
1
Let m(d) = d**3 - 3*d**2 + 3*d - 4. Let i be m(3). Suppose -4*g + 8*y - 10*y + 16 = 0, 4*y = g + 5. Suppose -4 = -g*t + i. What is the units digit of t?
3
Suppose -4*u = 3*l - 40 - 16, l = 0. What is the tens digit of (-813)/(-9) + u/21?
9
What is the units digit of (-6016)/(-14) - (-4)/14?
0
Suppose -254*o + 238*o + 55328 = 0. What is the units digit of o?
8
Let p = 1733 - 1105. What is the tens digit of p?
2
Let o = -243 + 102. Let j = 4 - o. What is the tens digit of j?
4
Let i(u) be the first derivative of 10*u**3/3 - u**2/2 - 6*u + 8. Let r be i(-3). Suppose -r = -3*j + 2*n, -5*j + n = -168 + 16. What is the units digit of j?
1
Suppose -3*m - 2*p = -3093, m - 2*p = -42 + 1081. What is the hundreds digit of m?
0
Let s(c) = -c**3 + 10*c**2 + 20*c + 25. Suppose -5*